omposite?
False
Suppose -2*h + 549 = -4*w + 1403, 0 = 4*w + 4*h - 824. Is w composite?
False
Let x(n) = n**3 + 2*n**2 + n + 4. Let r be x(-3). Is ((-4)/r)/((-3)/(-330)) prime?
False
Let t(i) = i + 83. Let z be t(0). Let u = z + -30. Is u prime?
True
Suppose 0*z - 822 = -3*z. Is z composite?
True
Let w be -1*(0 + 9/(-3)). Suppose 0 = -w*m + 5*m - 286. Is m a prime number?
False
Let q(x) = 9*x - 3. Let h be q(7). Let o = h + -93. Is -3 + 4*o/(-6) composite?
False
Suppose 0 = -2*j - 4*g + 82, 43 - 14 = j - 4*g. Is j a prime number?
True
Let n(g) be the second derivative of 43*g**4/6 + g**3/3 + g**2/2 + g. Let z be ((-2)/(-6))/(6/(-18)). Is n(z) a composite number?
True
Let c = -4 - -4. Suppose c = 4*s + 20, -3*k - 2 = s - 3. Is k composite?
False
Let l(c) = 148*c + 29. Is l(9) a composite number?
False
Is 331/(0 - (-6)/12) composite?
True
Suppose 4*i + 36 = -z - 73, -4*z + 5*i - 457 = 0. Let u = 170 + z. Is u composite?
True
Suppose 0 = 2*r - 4*h + 10, -2*r - 19 = 2*h + 3*h. Let n(s) = 5*s**2 + 4*s + 6. Is n(r) prime?
True
Is (-5)/((-20)/(-632))*-1 a prime number?
False
Let x(z) = 2*z**3 + 5*z**2 + 11*z - 3. Let r be x(-9). Let h = r + 2042. Is h composite?
False
Let j be 4/(-5)*(-10)/4. Let i(x) = x**3 - 2*x - 1. Let r be i(j). Is 3/9 + 152/r a composite number?
True
Suppose 0 = -5*t - 4*l + 727, 2*t - 4*l - 295 = -7*l. Suppose -r + t = -0*r. Is r a composite number?
True
Suppose 2*j + 2 = -2*g + 3*g, 0 = 5*g + 5*j - 25. Suppose g*r - 2*f - 508 = 0, r + 2*f - f - 127 = 0. Is r composite?
False
Suppose -2*f - 9 = 1. Is (f - -171)*2/4 a prime number?
True
Let l(a) = -a**3 - 3*a**2 + 6*a - 1. Suppose 3*h + 1 + 5 = 0, -2*h = -5*c + 14. Suppose -8 = 2*u + c. Is l(u) composite?
False
Suppose 1 = 2*k - 1. Let n = -7 - k. Is 4/16 + (-118)/n composite?
True
Let z be (-2 + 1)*3*-6. Suppose -z = -m + 4. Is 4/m + (-766)/(-22) a composite number?
True
Let b = 3351 - 2392. Is b prime?
False
Let l be (0 + -2)/(2/5). Is (l/10)/(1/(-158)) prime?
True
Let j be (-3)/(-1) + (-1)/1. Let t = -3 + j. Is 68 - ((-1 - t) + 1) a composite number?
False
Let a(w) = -w**2 + 39*w + 7. Let h(n) = -2*n**2 + 78*n + 14. Let s(r) = 5*a(r) - 2*h(r). Is s(17) prime?
False
Let u(a) = -a**2 - 6*a - 2. Let n be u(-5). Suppose 0 = 5*g + 3*y - 37 - 93, -2*y = -n*g + 78. Is g a composite number?
True
Suppose 2*s - 694 = 304. Is s a prime number?
True
Let j(m) = 42*m**3 - m**2 - 4*m + 2. Is j(3) a prime number?
False
Let s = -6 + 2. Is (19/s)/((-2)/8) composite?
False
Suppose -2*h + 3*x + 207 = 0, 0 = -h - 4*h - 5*x + 555. Suppose -h + 43 = -5*t. Is t a prime number?
True
Is 5876 + 2 + 2 + -1 prime?
True
Is (4279/(-44))/(2/(-8)) a prime number?
True
Let n be (28/(-6))/(4/(-6)). Let x = 252 + n. Is x a composite number?
True
Is (59/(-3))/((-7)/231) prime?
False
Is (1/((-12)/(-8)))/((-6)/(-32283)) a prime number?
False
Let n(l) = -l**3 - 3*l**2 + 2*l - 1. Let k be n(-3). Let y be (-2)/2*(k - -2). Suppose y*b - 93 = f, f - 3*f = b - 23. Is b composite?
False
Let u = 192 + -347. Let d = 222 + u. Is d composite?
False
Let h(t) = 868*t + 39. Is h(4) composite?
False
Suppose -3162 - 1426 = -4*r. Is r a prime number?
False
Is (1730 - (2 - 4)/2)/1 composite?
True
Suppose -4926 + 93 = -9*y. Is y prime?
False
Let f(y) = -100*y - 93. Is f(-10) composite?
False
Suppose -3*o + t = 16, 0*o + 3*o + t + 20 = 0. Suppose 2*w - 17 - 3 = -4*m, -2*m = 2*w - 8. Is (-538)/o - 4/m a prime number?
True
Let z = 2 - -18. Is (-5)/z - (-250)/8 a composite number?
False
Let q be (3/(-2))/((-4)/8). Suppose 5*w + l = 5*l + 891, -4*w + q*l = -713. Is w composite?
False
Suppose 2*k + 166 = 1332. Is k composite?
True
Let d be (-2 - -1) + 1 - 0. Suppose -2*b + 3*b - 77 = d. Is b prime?
False
Let f be 50/(-6) - 3/(-9). Let d(c) be the second derivative of -c**5/20 - 7*c**4/12 + c**3 - c**2 - 5*c. Is d(f) composite?
True
Let r be 1 + 7/((-21)/(-162)). Is (-1 - (-1)/1) + r prime?
False
Suppose -2 = 3*v - 5. Is (v + 8)/3 - -50 a prime number?
True
Suppose -3*r - 8 = 3*q - 344, 4*q = 2*r + 454. Is q a composite number?
False
Let y(l) = -8*l**3 + 5*l**2 + 12*l + 4. Is y(-5) a prime number?
True
Let h(s) = 3*s - 2*s**2 - 5*s + s**3 + 0*s + 4 + 0. Is h(5) prime?
False
Let i be (2 - -2 - 2) + 1. Suppose 2 = i*l - 2*l. Suppose w - a - 39 = a, 0 = -l*w + a + 72. Is w a prime number?
False
Is 4 + (3 - -2255) + 5 a composite number?
False
Let k = -9 - -13. Suppose -20 = u + 5*w, 0 = 2*u + w - k*w - 25. Suppose -2*o + u*b = -108, -2*b = -o + 5*o - 192. Is o prime?
False
Let j(k) = 229*k**3 + 4*k**2 - 4*k + 4. Is j(3) a prime number?
True
Suppose 6*j = 9*j - 4413. Is j prime?
True
Let i(y) = 14*y**2 - 3*y + 16. Is i(-9) composite?
True
Let q(f) = 449*f**2 - 2*f + 2. Is q(1) composite?
False
Let w(u) = -6*u + 13. Is w(-5) composite?
False
Let n = 82 + -40. Suppose -l + 4*l - n = 0. Is l a composite number?
True
Suppose n - 185 = -3*d + 3*n, -5*d - n + 330 = 0. Is d a composite number?
True
Let g = 2349 - 1552. Is g a prime number?
True
Suppose 4*a - 6 = a. Is a - (-1 + 0)*9 prime?
True
Let u = -132 + 187. Let z = u - 95. Let s = z - -62. Is s composite?
True
Suppose 3*m - 113 = 5*i, i - 71 = -m - 4*i. Is m a composite number?
True
Suppose 1 + 0 = p. Let a be -31*p/(-2 + 1). Let t = a - 5. Is t a prime number?
False
Suppose 4*p + 8180 = 5*k + 5*p, 4*k - p = 6553. Is k a prime number?
True
Let d(j) = 10*j**2 + 10*j + 7. Is d(-6) prime?
True
Suppose -12 = -3*n - 0*n. Suppose 4*w + n*d + 152 = 0, w + 26 + 0 = 3*d. Let s = w - -82. Is s a prime number?
True
Suppose 2*x - 3*q = -19, -2*x = -5*x + 2*q - 21. Let t be 6/10 + (-722)/x. Let v = -66 + t. Is v a composite number?
False
Suppose 17 = 2*d - 3*z, 6*z + 28 = 3*d + z. Is (-21)/(-4)*4/d a composite number?
True
Let i(u) = 8*u**2 - 25*u - 8. Is i(11) prime?
False
Suppose 3*a + 5*d = -16, -a + 5*a + 5*d = -13. Suppose 94 = 2*q - 4*j - 176, 701 = 5*q + a*j. Is q a prime number?
True
Let i(l) = -4*l**3 - 13*l**2 + 17*l + 14. Let c(a) = a**3 + a**2 - 1. Let k(p) = 3*c(p) + i(p). Suppose -u = 2*j + 29, -4*j + 17 = -5*j - u. Is k(j) composite?
True
Let p(t) = -546*t**3 + 2*t**2 + t. Let k be p(-1). Suppose 124 - k = -3*j. Is j composite?
True
Suppose 0 = 4*k - k - 279. Suppose -2*a = a - k. Is -3 + 4 + (a - 1) composite?
False
Suppose 4*i - 4*l - 28 = 0, -3*i + 0*l - l + 1 = 0. Suppose -2*f - i*f + 128 = 0. Let x = -23 + f. Is x prime?
False
Suppose 14*j - 37136 = -2*j. Is j prime?
False
Let r = 94 - -205. Is r a composite number?
True
Is (-2)/((-6)/9)*(-964)/(-6) a composite number?
True
Let u(y) = -30*y**3 - y**2 - 3*y + 3. Let m be u(2). Is 8/(-28) + m/(-7) a composite number?
True
Let r be (3 + -2 + -1)/(-1). Suppose r = -f + i + 62, -4*f + 2*i + 219 = -39. Is f a prime number?
True
Let l(b) = 7*b**3 - 2*b**2 - 5*b - 1. Is l(6) prime?
True
Is (22/(-3))/(2/(-51)) a composite number?
True
Let j(o) = o**2 - 3*o + 4. Let b be (-8)/12 - 11/(-3). Is j(b) a composite number?
True
Let s(k) = 2*k**2 - 2*k - 2. Let n be s(2). Suppose 0 = 4*g + 16, -2*b = 2*b + n*g. Suppose b*j - x = 48 - 8, -x = -2. Is j a prime number?
False
Let f be 2/(-9) + 366/(-54). Let v(i) = -i**3 + 6*i**2 - 7*i - 7. Is v(f) prime?
False
Suppose -3*a = 4 + 2. Let d(h) = -4*h + 1. Let i be d(a). Suppose m + i = 2*m. Is m prime?
False
Suppose -3*f + p + 3*p = -18, 2*f - 2*p = 10. Suppose -3*o = 5*w - 0*o - 3, 5*w - 7 = -f*o. Let a(d) = 2*d**3 - 3*d**2 + 2*d + 2. Is a(w) prime?
False
Let y(z) be the third derivative of 43*z**4/24 + 2*z**2. Is y(1) a composite number?
False
Suppose -2*p - 2*c + 189 = -p, 2*c = -3*p + 587. Is p composite?
False
Let o(i) = -2*i**2 + 0*i**3 + 6 - i**3 + 7*i**2. Let z be o(5). Is 3*(40/z + -2) prime?
False
Let o = 128 - -21. Is o a composite number?
False
Is 1964/9 - (-4)/(-18) a prime number?
False
Let v = -79 + 43. Let r = -26 - v. Is 2/5 + 136/r a composite number?
True
Is (26695/38)/(((-2)/4)/(-1)) a composite number?
True
Suppose 662 = 4*u - 2*u. Is u composite?
False
Suppose 3*q + q - 32 = 0. Let c = -6 + q. Suppose 21 = c*p + p. Is p a prime number?
True
Suppose -5*f = -8 - 2. Suppose -204 = -f*w - 2*w. Is w a composite number?
True
Suppose 0*v = -4*v. Let x be 2 - 1 - (-20)/(-2). Let r = v - x. Is r a composite number?
True
Let a(p) = p**3 + p**2 + 2*p. Let h be a(2). Suppose -3*r - 4*i = -6*r +